hat are the prime factors of 28275366?
2, 3, 7, 673223
List the prime factors of 1607165.
5, 7, 47, 977
List the prime factors of 19572543.
3, 277, 2617
What are the prime factors of 180208?
2, 7, 1609
List the prime factors of 989702.
2, 7, 10099
List the prime factors of 7760297.
7760297
What are the prime factors of 182037?
3, 60679
What are the prime factors of 1386983?
13, 29, 283
List the prime factors of 110020.
2, 5, 5501
List the prime factors of 315986.
2, 11, 53, 271
What are the prime factors of 1605948?
2, 3, 37, 3617
What are the prime factors of 711079?
79, 9001
List the prime factors of 331714.
2, 165857
List the prime factors of 1084218.
2, 3, 137, 1319
List the prime factors of 377202.
2, 3, 7, 1283
What are the prime factors of 26822586?
2, 3, 7, 638633
List the prime factors of 732092.
2, 183023
List the prime factors of 4719912.
2, 3, 196663
List the prime factors of 539834.
2, 31, 8707
What are the prime factors of 2370061?
2370061
What are the prime factors of 30415?
5, 7, 11, 79
What are the prime factors of 947897?
181, 5237
What are the prime factors of 316576?
2, 13, 761
What are the prime factors of 1278613?
7, 182659
What are the prime factors of 43788?
2, 3, 41, 89
List the prime factors of 729188.
2, 182297
List the prime factors of 9368453.
43, 223, 977
What are the prime factors of 2159987?
31, 69677
List the prime factors of 567730.
2, 5, 56773
List the prime factors of 20569848.
2, 3, 13, 65929
What are the prime factors of 18315?
3, 5, 11, 37
List the prime factors of 115974.
2, 3, 17, 379
List the prime factors of 6010874.
2, 103, 29179
What are the prime factors of 10547182?
2, 1201, 4391
What are the prime factors of 7616397?
3, 19, 47, 2843
List the prime factors of 82524.
2, 3, 13, 23
What are the prime factors of 190352?
2, 11897
List the prime factors of 348920.
2, 5, 11, 13, 61
List the prime factors of 324731.
11, 53, 557
What are the prime factors of 10310964?
2, 3, 109, 7883
What are the prime factors of 212223?
3, 11, 59, 109
List the prime factors of 5602087.
23, 373, 653
What are the prime factors of 224045?
5, 44809
List the prime factors of 243209.
243209
List the prime factors of 5730761.
19, 301619
What are the prime factors of 792733?
83, 9551
List the prime factors of 6654416.
2, 415901
List the prime factors of 168738.
2, 3, 28123
List the prime factors of 12715578.
2, 3, 73, 9677
What are the prime factors of 1551064?
2, 193883
List the prime factors of 19081917.
3, 2120213
List the prime factors of 353867.
353867
List the prime factors of 1466474.
2, 733237
What are the prime factors of 129345?
3, 5, 8623
What are the prime factors of 2623893?
3, 227, 3853
What are the prime factors of 185997?
3, 7, 17, 521
List the prime factors of 1625328.
2, 3, 11287
What are the prime factors of 100188?
2, 3, 11, 23
What are the prime factors of 320305?
5, 29, 47
List the prime factors of 402873.
3, 134291
What are the prime factors of 658992?
2, 3, 13729
What are the prime factors of 24898357?
11, 41, 55207
List the prime factors of 17054861.
17054861
List the prime factors of 3150587.
11, 37, 7741
What are the prime factors of 14318653?
2029, 7057
What are the prime factors of 8476220?
2, 5, 139, 3049
What are the prime factors of 26983803?
3, 7, 11, 199, 587
What are the prime factors of 10047104?
2, 53, 1481
What are the prime factors of 2795527?
7, 19, 21019
List the prime factors of 5699017.
5699017
List the prime factors of 4970396.
2, 59, 21061
What are the prime factors of 4641363?
3, 29, 17783
List the prime factors of 4210837.
19, 221623
List the prime factors of 5912192.
2, 11, 13, 17, 19
List the prime factors of 290680.
2, 5, 13, 43
List the prime factors of 439641.
3, 19, 857
List the prime factors of 3247740.
2, 3, 5, 18043
What are the prime factors of 2815257?
3, 367, 2557
What are the prime factors of 98404?
2, 73, 337
What are the prime factors of 13140776?
2, 11, 31, 4817
List the prime factors of 32521.
17, 1913
What are the prime factors of 790645?
5, 158129
List the prime factors of 8890.
2, 5, 7, 127
What are the prime factors of 267308?
2, 17, 3931
What are the prime factors of 11879372?
2, 241, 12323
List the prime factors of 3219808.
2, 239, 421
List the prime factors of 7234893.
3, 267959
List the prime factors of 22718720.
2, 5, 17749
List the prime factors of 65652.
2, 3, 5471
What are the prime factors of 3732710?
2, 5, 31, 12041
What are the prime factors of 576463?
79, 7297
What are the prime factors of 200155?
5, 40031
List the prime factors of 2371050.
2, 3, 5, 11, 479
List the prime factors of 303140.
2, 5, 23, 659
What are the prime factors of 2125373?
2125373
List the prime factors of 27248959.
103, 264553
What are the prime factors of 528315?
3, 5, 35221
List the prime factors of 480157.
480157
What are the prime factors of 2341475?
5, 73, 1283
List the prime factors of 542086.
2, 271043
List the prime factors of 267064.
2, 7, 19, 251
List the prime factors of 4457135.
5, 891427
List the prime factors of 71855.
5, 7, 2053
List the prime factors of 3435636.
2, 3, 41, 6983
What are the prime factors of 2728259?
2728259
What are the prime factors of 499090?
2, 5, 29, 1721
List the prime factors of 232204.
2, 7, 8293
List the prime factors of 234270.
2, 3, 5, 19, 137
What are the prime factors of 10941437?
13, 613, 1373
List the prime factors of 516253.
516253
List the prime factors of 3226293.
3, 7, 83, 617
What are the prime factors of 3325757?
523, 6359
What are the prime factors of 659825?
5, 26393
What are the prime factors of 60766?
2, 23, 1321
What are the prime factors of 5540607?
3, 615623
List the prime factors of 6745784.
2, 73, 11551
List the prime factors of 291617.
23, 31, 409
What are the prime factors of 199905?
3, 5, 13327
List the prime factors of 2144059.
677, 3167
List the prime factors of 639747.
3, 31, 2293
What are the prime factors of 125246?
2, 11, 5693
List the prime factors of 8670372.
2, 3, 47, 15373
List the prime factors of 962009.
962009
What are the prime factors of 1311362?
2, 13, 31, 1627
What are the prime factors of 781064?
2, 89, 1097
What are the prime factors of 724218?
2, 3, 11, 10973
List the prime factors of 10139034.
2, 3, 1163, 1453
What are the prime factors of 78636?
2, 3, 6553
List the prime factors of 162415.
5, 11, 2953
List the prime factors of 329694.
2, 3, 54949
List the prime factors of 4979052.
2, 3, 13, 10639
List the prime factors of 1494715.
5, 298943
List the prime factors of 1393801.
67, 71, 293
List the prime factors of 1044831.
3, 59, 5903
What are the prime factors of 4256364?
2, 3, 7, 50671
List the prime factors of 10117555.
5, 7, 467, 619
List the prime factors of 723223.
137, 5279
List the prime factors of 799693.
367, 2179
List the prime factors of 29753.
29753
What are the prime factors of 24648203?
23, 1071661
What are the prime factors of 247937?
37, 6701
List the prime factors of 99364.
2, 24841
List the prime factors of 8623746.
2, 3, 53233
List the prime factors of 613199.
613199
What are the prime factors of 1136368?
2, 71023
List the prime factors of 4357324.
2, 79, 13789
What are the prime factors of 2926083?
3, 23, 42407
What are the prime factors of 2975998?
2, 797, 1867
What are the prime factors of 981634?
2, 467, 1051
List the prime factors of 8778671.
11, 72551
What are the prime factors of 14853334?
2, 7426667
List the prime factors of 1480056.
2, 3, 83, 743
List the prime factors of 196729.
13, 37, 409
List the prime factors of 241843.
7, 34549
What are the prime factors of 5646250?
2, 5, 4517
What are the prime factors of 4371944?
2, 137, 3989
List the prime factors of 19663.
7, 53
What are the prime factors of 6423717?
3, 331, 6469
List the prime factors of 833224.
2, 7, 14879
List the prime factors of 1727238.
2, 3, 287873
What are the prime factors of 113008?
2, 7, 1009
What are the prime factors of 3980545?
5, 239, 3331
List the prime factors of 9966068.
2, 7, 47, 7573
What are the prime factors of 971455?
5, 97, 2003
List the prime factors of 38138.
2, 19069
List the prime factors of 121166.
2, 47, 1289
List the prime factors of 451338.
2, 3, 75223
What are the prime factors of 13965?
3, 5, 7, 19
List the prime factors of 1902087.
3, 11, 19213
List the prime factors of 